User Tools

Site Tools


idocent-error-log

Warning: Use of undefined constant PREG_PATTERN_VALID_LANGUAGE - assumed 'PREG_PATTERN_VALID_LANGUAGE' (this will throw an Error in a future version of PHP) in /var/www/kucjica/emperors-wiki/inc/parser/xhtml.php on line 633

Warning: preg_replace(): Delimiter must not be alphanumeric or backslash in /var/www/kucjica/emperors-wiki/inc/parser/xhtml.php on line 633
03-10 15:58:43.867: W/System.err(8021): java.net.SocketTimeoutException: Connection timed out
03-10 15:58:43.867: W/System.err(8021):     at org.apache.harmony.luni.platform.OSNetworkSystem.connect(Native Method)
03-10 15:58:43.867: W/System.err(8021):     at dalvik.system.BlockGuard$WrappedNetworkSystem.connect(BlockGuard.java:357)
03-10 15:58:43.867: W/System.err(8021):     at org.apache.harmony.luni.net.PlainSocketImpl.connect(PlainSocketImpl.java:204)
03-10 15:58:43.867: W/System.err(8021):     at org.apache.harmony.luni.net.PlainSocketImpl.connect(PlainSocketImpl.java:183)
03-10 15:58:43.867: W/System.err(8021):     at java.net.Socket.startupSocket(Socket.java:705)
03-10 15:58:43.867: W/System.err(8021):     at java.net.Socket.tryAllAddresses(Socket.java:150)
03-10 15:58:43.867: W/System.err(8021):     at java.net.Socket.<init>(Socket.java:209)
03-10 15:58:43.867: W/System.err(8021):     at java.net.Socket.<init>(Socket.java:176)
03-10 15:58:43.867: W/System.err(8021):     at com.iDocent.InetRLookup.Connect(InetRLookup.java:134)
03-10 15:58:43.867: W/System.err(8021):     at com.iDocent.AccessPointDB.Connect(AccessPointDB.java:82)
03-10 15:58:43.867: W/System.err(8021):     at com.iDocent.WeightedScanFactory.Connect(WeightedScanFactory.java:54)
03-10 15:58:43.867: W/System.err(8021):     at com.iDocent.ScanResultReceiver.onReceive(ScanResultReceiver.java:76)
03-10 15:58:43.867: W/System.err(8021):     at android.app.LoadedApk$ReceiverDispatcher$Args.run(LoadedApk.java:709)
03-10 15:58:43.867: W/System.err(8021):     at android.os.Handler.handleCallback(Handler.java:587)
03-10 15:58:43.867: W/System.err(8021):     at android.os.Handler.dispatchMessage(Handler.java:92)
03-10 15:58:43.867: W/System.err(8021):     at android.os.Looper.loop(Looper.java:130)
03-10 15:58:43.867: W/System.err(8021):     at android.app.ActivityThread.main(ActivityThread.java:3835)
03-10 15:58:43.867: W/System.err(8021):     at java.lang.reflect.Method.invokeNative(Native Method)
03-10 15:58:43.867: W/System.err(8021):     at java.lang.reflect.Method.invoke(Method.java:507)
03-10 15:58:43.867: W/System.err(8021):     at com.android.internal.os.ZygoteInit$MethodAndArgsCaller.run(ZygoteInit.java:864)
03-10 15:58:43.867: W/System.err(8021):     at com.android.internal.os.ZygoteInit.main(ZygoteInit.java:622)
03-10 15:58:43.867: W/System.err(8021):     at dalvik.system.NativeStart.main(Native Method)
03-10 15:58:43.875: W/wpa_supplicant(3724): Ignoring scan action, already scanning.
03-10 15:58:45.922: D/dalvikvm(8021): GC_CONCURRENT freed 448K, 49% free 3172K/6151K, external 97K/512K, paused 3ms+4ms
03-10 15:58:49.195: I/InputDispatcher(2327): Application is not responding: AppWindowToken{40d14be0 token=HistoryRecord{4057bea0 com.iDocent/.iDocent}} - Window{406be118 com.iDocent/com.iDocent.iDocent paused=false}.  5012.3ms since event, 5007.1ms since wait started
03-10 15:58:49.195: I/Process(2327): Sending signal. PID: 8021 SIG: 3
03-10 15:58:49.195: I/dalvikvm(8021): threadid=4: reacting to signal 3
03-10 15:58:49.195: I/WindowManager(2327): Input event dispatching timed out sending to com.iDocent/com.iDocent.iDocent
03-10 15:58:49.211: I/dalvikvm(8021): Wrote stack traces to '/data/anr/traces.txt'
03-10 15:58:49.211: I/Process(2327): Sending signal. PID: 2327 SIG: 3
03-10 15:58:49.211: I/dalvikvm(2327): threadid=4: reacting to signal 3
03-10 15:58:49.234: I/dalvikvm(2327): Wrote stack traces to '/data/anr/traces.txt'
03-10 15:58:49.234: I/Process(2327): Sending signal. PID: 2522 SIG: 3
03-10 15:58:49.234: I/dalvikvm(2522): threadid=4: reacting to signal 3
03-10 15:58:49.234: I/dalvikvm(2522): Wrote stack traces to '/data/anr/traces.txt'
03-10 15:58:49.234: I/Process(2327): Sending signal. PID: 2525 SIG: 3
03-10 15:58:49.234: I/dalvikvm(2525): threadid=4: reacting to signal 3
03-10 15:58:49.234: I/dalvikvm(2525): Wrote stack traces to '/data/anr/traces.txt'
03-10 15:58:49.242: I/Process(2327): Sending signal. PID: 2523 SIG: 3
03-10 15:58:49.242: I/dalvikvm(2523): threadid=4: reacting to signal 3
03-10 15:58:49.242: I/dalvikvm(2523): Wrote stack traces to '/data/anr/traces.txt'
03-10 15:58:49.242: I/Process(2327): Sending signal. PID: 2510 SIG: 3
03-10 15:58:49.242: I/dalvikvm(2510): threadid=4: reacting to signal 3
03-10 15:58:49.242: I/dalvikvm(2510): Wrote stack traces to '/data/anr/traces.txt'
03-10 15:58:49.492: D/dalvikvm(2327): GC_EXPLICIT freed 963K, 50% free 6908K/13703K, external 3779K/4684K, paused 98ms
03-10 15:58:49.930: D/dalvikvm(8021): GC_CONCURRENT freed 447K, 49% free 3173K/6151K, external 97K/512K, paused 2ms+4ms
03-10 15:58:50.031: E/ActivityManager(2327): ANR in com.iDocent (com.iDocent/.iDocent)
03-10 15:58:50.031: E/ActivityManager(2327): Reason: keyDispatchingTimedOut
03-10 15:58:50.031: E/ActivityManager(2327): Load: 3.72 / 1.23 / 0.49
03-10 15:58:50.031: E/ActivityManager(2327): CPU usage from 16086ms to 8ms ago:
03-10 15:58:50.031: E/ActivityManager(2327):   71% 8021/com.iDocent: 68% user + 3.2% kernel / faults: 599 minor
03-10 15:58:50.031: E/ActivityManager(2327):   12% 2327/system_server: 8.4% user + 3.6% kernel / faults: 1598 minor 4 major
03-10 15:58:50.031: E/ActivityManager(2327):   1.5% 668/dsi: 0% user + 1.5% kernel
03-10 15:58:50.031: E/ActivityManager(2327):   0.5% 5/events/0: 0% user + 0.5% kernel
03-10 15:58:50.031: E/ActivityManager(2327):   0.4% 725/pvrflip/0: 0% user + 0.4% kernel
03-10 15:58:50.031: E/ActivityManager(2327):   0.2% 2998/com.android.launcher: 0.2% user + 0% kernel / faults: 66 minor
03-10 15:58:50.031: E/ActivityManager(2327):   0.2% 215/omap2_mcspi: 0% user + 0.2% kernel
03-10 15:58:50.031: E/ActivityManager(2327):   0.2% 562/als_wq: 0% user + 0.2% kernel
03-10 15:58:50.031: E/ActivityManager(2327):   0.1% 2510/com.android.systemui: 0.1% user + 0% kernel / faults: 74 minor
03-10 15:58:50.031: E/ActivityManager(2327):   0% 284/khubd: 0% user + 0% kernel
03-10 15:58:50.031: E/ActivityManager(2327):   0% 1991/kjournald: 0% user + 0% kernel
03-10 15:58:50.031: E/ActivityManager(2327):   0% 2118/battd: 0% user + 0% kernel / faults: 1 minor
03-10 15:58:50.031: E/ActivityManager(2327):   0% 2523/com.android.kineto: 0% user + 0% kernel / faults: 314 minor
03-10 15:58:50.031: E/ActivityManager(2327):   0% 2525/com.motorola.usb: 0% user + 0% kernel / faults: 138 minor 1 major
03-10 15:58:50.031: E/ActivityManager(2327):   0% 3724/wpa_supplicant: 0% user + 0% kernel / faults: 4 minor
03-10 15:58:50.031: E/ActivityManager(2327):   0% 4076/com.google.process.gapps: 0% user + 0% kernel / faults: 4 minor
03-10 15:58:50.031: E/ActivityManager(2327):   0% 8066/com.google.process.location: 0% user + 0% kernel
03-10 15:58:50.031: E/ActivityManager(2327): 87% TOTAL: 77% user + 8.9% kernel + 1.1% irq
03-10 15:58:50.031: E/ActivityManager(2327): CPU usage from 300ms to 818ms later:
03-10 15:58:50.031: E/ActivityManager(2327):   88% 8021/com.iDocent: 86% user + 1.9% kernel / faults: 67 minor
03-10 15:58:50.031: E/ActivityManager(2327):     72% 8036/Thread-10: 70% user + 1.9% kernel
03-10 15:58:50.031: E/ActivityManager(2327):     7.8% 8023/GC: 7.8% user + 0% kernel
03-10 15:58:50.031: E/ActivityManager(2327):   7.6% 2327/system_server: 1.9% user + 5.7% kernel
03-10 15:58:50.031: E/ActivityManager(2327):     5.7% 2334/SurfaceFlinger: 1.9% user + 3.8% kernel
03-10 15:58:50.031: E/ActivityManager(2327):     1.9% 2452/InputDispatcher: 0% user + 1.9% kernel
03-10 15:58:50.031: E/ActivityManager(2327):   1.3% 668/dsi: 0% user + 1.3% kernel
03-10 15:58:50.031: E/ActivityManager(2327): 96% TOTAL: 86% user + 9.6% kernel
idocent-error-log.txt · Last modified: 2014/03/10 15:13 by zoza